{"id":3447,"date":"2017-09-12T22:12:32","date_gmt":"2017-09-12T22:12:32","guid":{"rendered":"https:\/\/www.capciudaddemurcia.com\/home\/?page_id=3447"},"modified":"2017-09-12T22:16:54","modified_gmt":"2017-09-12T22:16:54","slug":"junta-directiva","status":"publish","type":"page","link":"https:\/\/www.capciudaddemurcia.com\/home\/junta-directiva\/","title":{"rendered":"Junta Directiva"},"content":{"rendered":"\n<style type=\"text\/css\" data-created_by=\"avia_inline_auto\" id=\"style-css-av-av_section-530931207d3d555391368f077617a16b\">\n.avia-section.av-av_section-530931207d3d555391368f077617a16b{\nbackground-repeat:no-repeat;\nbackground-image:url(https:\/\/www.capciudaddemurcia.com\/home\/wp-content\/uploads\/2017\/09\/Publico-rojo-fondo-opt-1500x750.png);\nbackground-position:50% 0%;\nbackground-attachment:fixed;\n}\n.avia-section.av-av_section-530931207d3d555391368f077617a16b .av-section-color-overlay{\nopacity:0.3;\nbackground-color:#000000;\n}\n<\/style>\n<div id='av_section_1'  class='avia-section av-av_section-530931207d3d555391368f077617a16b main_color avia-section-default avia-no-border-styling  avia-builder-el-0  el_before_av_two_third  avia-builder-el-first  avia-full-stretch avia-bg-style-fixed av-section-color-overlay-active av-minimum-height av-minimum-height-25 av-height-25  container_wrap fullsize'  data-section-bg-repeat='stretch' data-av_minimum_height_pc='25' data-av_min_height_opt='25'><div class=\"av-section-color-overlay-wrap\"><div class=\"av-section-color-overlay\"><\/div><div class='container av-section-cont-open' ><main  role=\"main\" itemprop=\"mainContentOfPage\"  class='template-page content  av-content-full alpha units'><div class='post-entry post-entry-type-page post-entry-3447'><div class='entry-content-wrapper clearfix'>\n\n<style type=\"text\/css\" data-created_by=\"avia_inline_auto\" id=\"style-css-av-av_heading-c4eedc034bb489c301adad80f1ab664b\">\n#top .av-special-heading.av-av_heading-c4eedc034bb489c301adad80f1ab664b{\npadding-bottom:0;\nfont-size:55px;\n}\nbody .av-special-heading.av-av_heading-c4eedc034bb489c301adad80f1ab664b .av-special-heading-tag .heading-char{\nfont-size:25px;\n}\n#top #wrap_all .av-special-heading.av-av_heading-c4eedc034bb489c301adad80f1ab664b .av-special-heading-tag{\nfont-size:55px;\n}\n.av-special-heading.av-av_heading-c4eedc034bb489c301adad80f1ab664b .av-subheading{\nfont-size:15px;\n}\n\n@media only screen and (min-width: 480px) and (max-width: 767px){ \n#top #wrap_all .av-special-heading.av-av_heading-c4eedc034bb489c301adad80f1ab664b .av-special-heading-tag{\nfont-size:0.8em;\n}\n}\n\n@media only screen and (max-width: 479px){ \n#top #wrap_all .av-special-heading.av-av_heading-c4eedc034bb489c301adad80f1ab664b .av-special-heading-tag{\nfont-size:0.8em;\n}\n}\n<\/style>\n<div  class='av-special-heading av-av_heading-c4eedc034bb489c301adad80f1ab664b av-special-heading-h1 blockquote modern-quote modern-centered  avia-builder-el-1  avia-builder-el-no-sibling  av-inherit-size'><h1 class='av-special-heading-tag '  itemprop=\"headline\"  >JUNTA DIRECTIVA<\/h1><div class=\"special-heading-border\"><div class=\"special-heading-inner-border\"><\/div><\/div><\/div>\n<\/div><\/div><\/main><!-- close content main element --><\/div><\/div><\/div><div id='after_section_1'  class='main_color av_default_container_wrap container_wrap fullsize'  ><div class='container av-section-cont-open' ><div class='template-page content  av-content-full alpha units'><div class='post-entry post-entry-type-page post-entry-3447'><div class='entry-content-wrapper clearfix'>\n\n<style type=\"text\/css\" data-created_by=\"avia_inline_auto\" id=\"style-css-av-av_two_third-15d750bd1b332b34c6e70b077ebbccdf\">\n.flex_column.av-av_two_third-15d750bd1b332b34c6e70b077ebbccdf{\nborder-radius:0px 0px 0px 0px;\npadding:0px 0px 0px 0px;\n}\n<\/style>\n<div  class='flex_column av-av_two_third-15d750bd1b332b34c6e70b077ebbccdf av_two_third  avia-builder-el-2  el_after_av_section  el_before_av_one_third  avia-builder-el-first  first flex_column_div av-zero-column-padding  '     ><section  class='av_textblock_section av-av_textblock-2de302bf1aa3cf4c9157dbe6f50ac7eb '   itemscope=\"itemscope\" itemtype=\"https:\/\/schema.org\/CreativeWork\" ><div class='avia_textblock'  itemprop=\"text\" ><h4>Los representantes de los Grupos de Trabajo son, a efectos legales, los directivos del club.<\/h4>\n<hr \/>\n<p align=\"justify\"><span style=\"color: #ffffff;\">Tal y como exige la legalidad espa\u00f1ola, el 12 de septiembre de 2010, entre otros acuerdos, se vot\u00f3 la Junta Directiva que consta en la inscripci\u00f3n del Club de Accionariado Popular Ciudad de Murcia en el registro general de Entidades Deportivas de la Regi\u00f3n de Murcia.<\/span><\/p>\n<p align=\"justify\"><span style=\"color: #ffffff;\">No obstante y debido a que la Administraci\u00f3n, Propiedad y Gesti\u00f3n del Club, pertenece de manera horizontal y democr\u00e1tica a todos los accionistas de forma asamblearia mediante la f\u00f3rmula de una persona, una acci\u00f3n, un voto; nuestra Junta Directiva es un mero formulismo legal.<\/span><\/p>\n<p align=\"justify\"><span style=\"color: #ffffff;\">Por consiguiente, el CAP Ciudad de Murcia est\u00e1 representado por Grupos de Trabajo pertenecientes al Accionariado Popular, cuyos representantes para cualquier consulta encontrareis en el apartado de \u201ccontacto\u201d.<\/span><\/p>\n<p align=\"justify\"><span style=\"color: #ffffff;\">El Club est\u00e1 oficialmente registrado con el n\u00ba 3.451 seg\u00fan resoluci\u00f3n del 25 de Octubre de 2010, y tiene unos estatutos distintos al resto de clubes del panorama estatal.<\/span><\/p>\n<\/div><\/section><\/div>\n<style type=\"text\/css\" data-created_by=\"avia_inline_auto\" id=\"style-css-av-av_one_third-c8fc129dc35fd1ae2a1e410224d39ea8\">\n.flex_column.av-av_one_third-c8fc129dc35fd1ae2a1e410224d39ea8{\nborder-radius:0px 0px 0px 0px;\npadding:0px 0px 0px 0px;\n}\n<\/style>\n<div  class='flex_column av-av_one_third-c8fc129dc35fd1ae2a1e410224d39ea8 av_one_third  avia-builder-el-4  el_after_av_two_third  avia-builder-el-last  flex_column_div av-zero-column-padding  '     ><p>\n<style type=\"text\/css\" data-created_by=\"avia_inline_auto\" id=\"style-css-av-av_heading-40014cfee452076e80f781731ac2969d\">\n#top .av-special-heading.av-av_heading-40014cfee452076e80f781731ac2969d{\npadding-bottom:0;\n}\nbody .av-special-heading.av-av_heading-40014cfee452076e80f781731ac2969d .av-special-heading-tag .heading-char{\nfont-size:25px;\n}\n.av-special-heading.av-av_heading-40014cfee452076e80f781731ac2969d .av-subheading{\nfont-size:15px;\n}\n<\/style>\n<div  class='av-special-heading av-av_heading-40014cfee452076e80f781731ac2969d av-special-heading-h3 blockquote modern-quote modern-centered  avia-builder-el-5  el_before_av_textblock  avia-builder-el-first '><h3 class='av-special-heading-tag '  itemprop=\"headline\"  >ACCI\u00d3NATE<\/h3><div class=\"special-heading-border\"><div class=\"special-heading-inner-border\"><\/div><\/div><\/div><br \/>\n<section  class='av_textblock_section av-av_textblock-2de302bf1aa3cf4c9157dbe6f50ac7eb '   itemscope=\"itemscope\" itemtype=\"https:\/\/schema.org\/CreativeWork\" ><div class='avia_textblock'  itemprop=\"text\" ><p align=\"justify\"><span style=\"color: #ffffff;\">Haz tu primer ingreso de 50\u20ac o 100\u20ac en la cuenta bancaria de Cajamar ES35 3058 0334 54 2720018000, indicando nombre, apellidos y n\u00famero de DNI.<\/span><\/p>\n<\/div><\/section><br \/>\n<div  class='hr av-av_hr-0ff602b3e980a3377077ff3c1c834df6 hr-default  avia-builder-el-7  el_after_av_textblock  el_before_av_image '><span class='hr-inner '><span class=\"hr-inner-style\"><\/span><\/span><\/div><br \/>\n\n<style type=\"text\/css\" data-created_by=\"avia_inline_auto\" id=\"style-css-av-av_image-bfc5e9e3cbc9a1939ab35484a9bb68c0\">\n.avia-image-container.av-av_image-bfc5e9e3cbc9a1939ab35484a9bb68c0 img.avia_image{\nbox-shadow:none;\n}\n.avia-image-container.av-av_image-bfc5e9e3cbc9a1939ab35484a9bb68c0 .av-image-caption-overlay-center{\ncolor:#ffffff;\n}\n<\/style>\n<div  class='avia-image-container av-av_image-bfc5e9e3cbc9a1939ab35484a9bb68c0 av-styling- av-img-linked avia-align-center  avia-builder-el-8  el_after_av_hr  avia-builder-el-last '   itemprop=\"image\" itemscope=\"itemscope\" itemtype=\"https:\/\/schema.org\/ImageObject\" ><div class=\"avia-image-container-inner\"><div class=\"avia-image-overlay-wrap\"><a href=\"https:\/\/www.capciudaddemurcia.com\/home\/producto\/accion-de-12-meses\/\" class='avia_image '  aria-label='Accionate'><img fetchpriority=\"high\" class='wp-image-3356 avia-img-lazy-loading-not-3356 avia_image ' src='https:\/\/www.capciudaddemurcia.com\/home\/wp-content\/uploads\/2017\/09\/Accionate-300x132.png' alt='' title='Accionate'  height=\"132\" width=\"300\"  itemprop=\"thumbnailUrl\"  \/><\/a><\/div><\/div><\/div><\/p><\/div><\/p>\n","protected":false},"excerpt":{"rendered":"","protected":false},"author":1,"featured_media":0,"parent":0,"menu_order":0,"comment_status":"closed","ping_status":"closed","template":"","meta":{"jetpack_post_was_ever_published":false,"footnotes":""},"class_list":["post-3447","page","type-page","status-publish","hentry"],"jetpack_sharing_enabled":true,"jetpack_shortlink":"https:\/\/wp.me\/P9cs2b-TB","_links":{"self":[{"href":"https:\/\/www.capciudaddemurcia.com\/home\/wp-json\/wp\/v2\/pages\/3447","targetHints":{"allow":["GET"]}}],"collection":[{"href":"https:\/\/www.capciudaddemurcia.com\/home\/wp-json\/wp\/v2\/pages"}],"about":[{"href":"https:\/\/www.capciudaddemurcia.com\/home\/wp-json\/wp\/v2\/types\/page"}],"author":[{"embeddable":true,"href":"https:\/\/www.capciudaddemurcia.com\/home\/wp-json\/wp\/v2\/users\/1"}],"replies":[{"embeddable":true,"href":"https:\/\/www.capciudaddemurcia.com\/home\/wp-json\/wp\/v2\/comments?post=3447"}],"version-history":[{"count":4,"href":"https:\/\/www.capciudaddemurcia.com\/home\/wp-json\/wp\/v2\/pages\/3447\/revisions"}],"predecessor-version":[{"id":11408,"href":"https:\/\/www.capciudaddemurcia.com\/home\/wp-json\/wp\/v2\/pages\/3447\/revisions\/11408"}],"wp:attachment":[{"href":"https:\/\/www.capciudaddemurcia.com\/home\/wp-json\/wp\/v2\/media?parent=3447"}],"curies":[{"name":"wp","href":"https:\/\/api.w.org\/{rel}","templated":true}]}}