{"id":10821,"date":"2022-12-05T22:27:47","date_gmt":"2022-12-05T21:27:47","guid":{"rendered":"https:\/\/www.capciudaddemurcia.com\/home\/?post_type=product&#038;p=10821"},"modified":"2025-11-24T11:03:40","modified_gmt":"2025-11-24T10:03:40","slug":"poster","status":"publish","type":"product","link":"https:\/\/www.capciudaddemurcia.com\/home\/producto\/poster\/","title":{"rendered":"L\u00c1MINA\/P\u00d3STER EDICI\u00d3N LIMITADA"},"content":{"rendered":"<p>Edici\u00f3n limitada l\u00e1mina 30&#215;41 cm. a todo color con el dise\u00f1o de todas las primeras equipaciones hit\u00f3ricas<\/p>\n","protected":false},"excerpt":{"rendered":"<p>L\u00e1mina\/p\u00f3ster de 30&#215;41 cm. con papel de alto gramaje. Dise\u00f1o a todo color de las primeras equipaciones hist\u00f3ricas del CAP Ciudad de Murcia.<\/p>\n<p>Incluye funda protectora y pegatina exclusiva. No incluye marco.<\/p>\n","protected":false},"featured_media":10822,"comment_status":"closed","ping_status":"closed","template":"","meta":{"jetpack_post_was_ever_published":false,"jetpack_publicize_message":"","jetpack_publicize_feature_enabled":true,"jetpack_social_post_already_shared":true,"jetpack_social_options":{"image_generator_settings":{"template":"highway","default_image_id":0,"font":"","enabled":false},"version":2}},"product_brand":[],"product_cat":[55],"product_tag":[],"class_list":{"0":"post-10821","1":"product","2":"type-product","3":"status-publish","4":"has-post-thumbnail","6":"product_cat-accesorios","8":"first","9":"outofstock","10":"taxable","11":"shipping-taxable","12":"purchasable","13":"product-type-simple"},"jetpack_publicize_connections":[],"jetpack_sharing_enabled":true,"_links":{"self":[{"href":"https:\/\/www.capciudaddemurcia.com\/home\/wp-json\/wp\/v2\/product\/10821","targetHints":{"allow":["GET"]}}],"collection":[{"href":"https:\/\/www.capciudaddemurcia.com\/home\/wp-json\/wp\/v2\/product"}],"about":[{"href":"https:\/\/www.capciudaddemurcia.com\/home\/wp-json\/wp\/v2\/types\/product"}],"replies":[{"embeddable":true,"href":"https:\/\/www.capciudaddemurcia.com\/home\/wp-json\/wp\/v2\/comments?post=10821"}],"wp:featuredmedia":[{"embeddable":true,"href":"https:\/\/www.capciudaddemurcia.com\/home\/wp-json\/wp\/v2\/media\/10822"}],"wp:attachment":[{"href":"https:\/\/www.capciudaddemurcia.com\/home\/wp-json\/wp\/v2\/media?parent=10821"}],"wp:term":[{"taxonomy":"product_brand","embeddable":true,"href":"https:\/\/www.capciudaddemurcia.com\/home\/wp-json\/wp\/v2\/product_brand?post=10821"},{"taxonomy":"product_cat","embeddable":true,"href":"https:\/\/www.capciudaddemurcia.com\/home\/wp-json\/wp\/v2\/product_cat?post=10821"},{"taxonomy":"product_tag","embeddable":true,"href":"https:\/\/www.capciudaddemurcia.com\/home\/wp-json\/wp\/v2\/product_tag?post=10821"}],"curies":[{"name":"wp","href":"https:\/\/api.w.org\/{rel}","templated":true}]}}