{"id":11764,"date":"2023-12-18T20:11:50","date_gmt":"2023-12-18T19:11:50","guid":{"rendered":"https:\/\/www.capciudaddemurcia.com\/home\/?post_type=product&#038;p=11764"},"modified":"2026-01-02T11:31:41","modified_gmt":"2026-01-02T10:31:41","slug":"chandal-23-24","status":"publish","type":"product","link":"https:\/\/www.capciudaddemurcia.com\/home\/producto\/chandal-23-24\/","title":{"rendered":"Ch\u00e1ndal 23-24"},"content":{"rendered":"<p>Ch\u00e1ndal oficial temporada 23-24, con escudo sublimado, marca JOMA<\/p>\n","protected":false},"excerpt":{"rendered":"<p>Ch\u00e1ndal marca JOMA, formado por sudadera con cremallera y pantal\u00f3n largo.<br \/>\nAmbas prendas mantienen la calidez corporal del deportista debido a que incorporan forro polar interior, adem\u00e1s de ajustarse para aislar del fr\u00edo. Ofrecen una incre\u00edble libertad de movimiento.<\/p>\n","protected":false},"featured_media":11772,"comment_status":"closed","ping_status":"closed","template":"","meta":{"jetpack_post_was_ever_published":false,"jetpack_publicize_message":"","jetpack_publicize_feature_enabled":true,"jetpack_social_post_already_shared":true,"jetpack_social_options":{"image_generator_settings":{"template":"highway","default_image_id":0,"font":"","enabled":false},"version":2}},"product_brand":[],"product_cat":[54,57],"product_tag":[],"class_list":{"0":"post-11764","1":"product","2":"type-product","3":"status-publish","4":"has-post-thumbnail","6":"product_cat-mas-ropa","7":"product_cat-equipaciones","9":"first","10":"outofstock","11":"taxable","12":"shipping-taxable","13":"product-type-variable"},"jetpack_publicize_connections":[],"jetpack_sharing_enabled":true,"_links":{"self":[{"href":"https:\/\/www.capciudaddemurcia.com\/home\/wp-json\/wp\/v2\/product\/11764","targetHints":{"allow":["GET"]}}],"collection":[{"href":"https:\/\/www.capciudaddemurcia.com\/home\/wp-json\/wp\/v2\/product"}],"about":[{"href":"https:\/\/www.capciudaddemurcia.com\/home\/wp-json\/wp\/v2\/types\/product"}],"replies":[{"embeddable":true,"href":"https:\/\/www.capciudaddemurcia.com\/home\/wp-json\/wp\/v2\/comments?post=11764"}],"wp:featuredmedia":[{"embeddable":true,"href":"https:\/\/www.capciudaddemurcia.com\/home\/wp-json\/wp\/v2\/media\/11772"}],"wp:attachment":[{"href":"https:\/\/www.capciudaddemurcia.com\/home\/wp-json\/wp\/v2\/media?parent=11764"}],"wp:term":[{"taxonomy":"product_brand","embeddable":true,"href":"https:\/\/www.capciudaddemurcia.com\/home\/wp-json\/wp\/v2\/product_brand?post=11764"},{"taxonomy":"product_cat","embeddable":true,"href":"https:\/\/www.capciudaddemurcia.com\/home\/wp-json\/wp\/v2\/product_cat?post=11764"},{"taxonomy":"product_tag","embeddable":true,"href":"https:\/\/www.capciudaddemurcia.com\/home\/wp-json\/wp\/v2\/product_tag?post=11764"}],"curies":[{"name":"wp","href":"https:\/\/api.w.org\/{rel}","templated":true}]}}