{"id":12178,"date":"2024-12-19T22:02:53","date_gmt":"2024-12-19T21:02:53","guid":{"rendered":"https:\/\/www.capciudaddemurcia.com\/home\/?post_type=product&#038;p=12178"},"modified":"2026-01-02T11:28:19","modified_gmt":"2026-01-02T10:28:19","slug":"equipacion-alternativa-202425-sos-mar-menor-nino-y-nina","status":"publish","type":"product","link":"https:\/\/www.capciudaddemurcia.com\/home\/producto\/equipacion-alternativa-202425-sos-mar-menor-nino-y-nina\/","title":{"rendered":"EQUIPACI\u00d3N ALTERNATIVA 2024\/25 SOS MAR MENOR NI\u00d1O Y NI\u00d1A"},"content":{"rendered":"<p>Camiseta Equipaci\u00f3n Alternativa oficial del C.A.P. Ciudad de Murcia de talla ni\u00f1o\/a, equipaci\u00f3n solidaria SOS Mar Menor.<\/p>\n","protected":false},"excerpt":{"rendered":"<p>Camiseta oficial de la temporada 2024\/25 dise\u00f1ada por el club y confeccionada por Asioka con los mejores materiales.<\/p>\n<p>Full print con escudo 3D con efecto bordado.\u00a0Los beneficios obtenidos se compartir\u00e1n con las asociaciones que siguen defendiendo la protecci\u00f3n del espacio natural. Con un dise\u00f1o inspirado en el Mar Menor y sus atardeceres, utilizando tonos azules, verdes y anaranjados, cambiamos la hist\u00f3rica torre de la catedral por el caballito de mar que simboliza la lucha por la defensa del Mar Menor. Utilizamos otros detalles como la silueta de la laguna salada, las olas en las mangas y un \u00faltimo gui\u00f1o, el logotipo del 25 aniversario de la fundaci\u00f3n del Ciudad de Murcia.<\/p>\n","protected":false},"featured_media":12131,"comment_status":"closed","ping_status":"closed","template":"","meta":{"jetpack_post_was_ever_published":false,"jetpack_publicize_message":"","jetpack_publicize_feature_enabled":true,"jetpack_social_post_already_shared":true,"jetpack_social_options":{"image_generator_settings":{"template":"highway","default_image_id":0,"font":"","enabled":false},"version":2}},"product_brand":[],"product_cat":[57],"product_tag":[],"class_list":{"0":"post-12178","1":"product","2":"type-product","3":"status-publish","4":"has-post-thumbnail","6":"product_cat-equipaciones","7":"product_shipping_class-envio-urgente-24-horas","9":"first","10":"outofstock","11":"featured","12":"taxable","13":"shipping-taxable","14":"product-type-variable"},"jetpack_publicize_connections":[],"jetpack_sharing_enabled":true,"_links":{"self":[{"href":"https:\/\/www.capciudaddemurcia.com\/home\/wp-json\/wp\/v2\/product\/12178","targetHints":{"allow":["GET"]}}],"collection":[{"href":"https:\/\/www.capciudaddemurcia.com\/home\/wp-json\/wp\/v2\/product"}],"about":[{"href":"https:\/\/www.capciudaddemurcia.com\/home\/wp-json\/wp\/v2\/types\/product"}],"replies":[{"embeddable":true,"href":"https:\/\/www.capciudaddemurcia.com\/home\/wp-json\/wp\/v2\/comments?post=12178"}],"wp:featuredmedia":[{"embeddable":true,"href":"https:\/\/www.capciudaddemurcia.com\/home\/wp-json\/wp\/v2\/media\/12131"}],"wp:attachment":[{"href":"https:\/\/www.capciudaddemurcia.com\/home\/wp-json\/wp\/v2\/media?parent=12178"}],"wp:term":[{"taxonomy":"product_brand","embeddable":true,"href":"https:\/\/www.capciudaddemurcia.com\/home\/wp-json\/wp\/v2\/product_brand?post=12178"},{"taxonomy":"product_cat","embeddable":true,"href":"https:\/\/www.capciudaddemurcia.com\/home\/wp-json\/wp\/v2\/product_cat?post=12178"},{"taxonomy":"product_tag","embeddable":true,"href":"https:\/\/www.capciudaddemurcia.com\/home\/wp-json\/wp\/v2\/product_tag?post=12178"}],"curies":[{"name":"wp","href":"https:\/\/api.w.org\/{rel}","templated":true}]}}